660*a + 229. Calculate w(-73).
10
Let u(q) = 711*q - 4979. What is u(7)?
-2
Let y(z) = 2*z**2 + 469*z + 14302. Determine y(-36).
10
Let d(h) = -4*h**2 + 10*h + 20. Calculate d(5).
-30
Let a(u) = 38*u**2 + 220*u - 36. Give a(-6).
12
Let p(v) = v**3 + 12*v**2 + 11*v + 17. What is p(-12)?
-115
Let l(d) = -d**3 - 46*d**2 + 3*d - 2140. What is l(-47)?
-72
Let d(c) = -400*c - 13605. Determine d(-34).
-5
Let a(q) = q**2 + 47*q + 103. Determine a(-41).
-143
Let c(j) = -86*j**3 + 2*j**2 + 4*j + 1. Calculate c(-1).
85
Let i(b) = 105*b - 5786. Calculate i(55).
-11
Let g(h) = 3*h**3 - 68*h**2 - 22*h - 22. Determine g(23).
1
Let b(q) = -241*q - 26954. What is b(-112)?
38
Let x(o) = -148*o - 27380. Give x(-185).
0
Let w(b) = -b**3 - 11*b**2 - 19*b + 167. What is w(-7)?
104
Let t(h) = h**2 - 118*h + 3163. Give t(77).
6
Let i(y) = 3*y**2 + 55*y - 100. Determine i(-16).
-212
Let c(x) = x - 144. Calculate c(-51).
-195
Let j(u) = -15*u**2 - 560*u + 560. What is j(1)?
-15
Let l(g) = -13*g**3 - 9*g**2 + 20*g - 8. Determine l(2).
-108
Let i(s) = -4*s**2 + 52*s - 154. What is i(4)?
-10
Let m(q) = 4*q**2 + 103*q - 811. What is m(6)?
-49
Let y(s) = 982*s + 3924. Calculate y(-4).
-4
Let q(s) = 3*s**3 - 190*s**2 + 65*s - 133. Give q(63).
-7
Let p(s) = -6*s**3 + 4*s**2 - 7*s - 6. Calculate p(-3).
213
Let h(x) = -87*x + 210. Determine h(3).
-51
Let o(y) = -y - 33. Determine o(-6).
-27
Let t(f) = f**2 - 811*f + 6429. Calculate t(8).
5
Let z(f) = -f**2 + 6*f + 63. What is z(14)?
-49
Let z(j) = j**2 - 92*j + 1603. Calculate z(28).
-189
Let a(s) = -10*s - 94. Determine a(-14).
46
Let j(k) = -k**2 - 12*k - 30. What is j(-4)?
2
Let y(b) = -b**2 + 89*b - 1280. What is y(71)?
-2
Let i(n) = -4*n**2 + 5*n - 36. What is i(3)?
-57
Let o(v) = -v**3 + v**2 + 95*v + 16. Calculate o(-9).
-29
Let f(z) = z**3 + 17*z**2 - 53*z + 156. Calculate f(-20).
16
Let t(s) = -s**3 + 24*s**2 - 77*s - 5. Calculate t(4).
7
Let o(y) = -y**2 + 333*y + 1698. Determine o(-5).
8
Let v(a) = 8*a + 103. Determine v(14).
215
Let o(h) = -19*h + 79. Determine o(4).
3
Let c(t) = 5*t**3 + 3*t**2 + 16*t + 7. Calculate c(-5).
-623
Let a(f) = 2*f**3 + 116*f + 115. What is a(-1)?
-3
Let o(p) = 2*p**2 + 39*p + 20. Determine o(-15).
-115
Let k(z) = 2*z**2 - 32*z - 156. Determine k(21).
54
Let d(a) = -13*a - 32. Calculate d(-17).
189
Let j(h) = -h**3 + 25*h**2 - 161*h + 58. Determine j(13).
-7
Let p(t) = 1399*t + 2778. What is p(-2)?
-20
Let v(i) = -i**3 + 30*i**2 - 18*i - 301. What is v(29)?
18
Let u(j) = -105*j**2 - 29*j + 29. Determine u(1).
-105
Let b(l) = -4*l**3 - 6*l**2 - 3*l + 4. Give b(-4).
176
Let l(f) = 3*f**2 - 529*f + 10706. What is l(153)?
-4
Let h(d) = -d**3 - 8*d**2 + 24*d + 150. Determine h(-7).
-67
Let n(p) = -1730*p - 3433. Calculate n(-2).
27
Let o(h) = 4*h**2 - 190*h + 2067. Give o(17).
-7
Let u(w) = w**2 - 63*w + 954. Determine u(26).
-8
Let v(s) = 2*s**3 - 8*s**2 - 112*s - 80. What is v(10)?
0
Let f(w) = 438*w + 2626. Calculate f(-6).
-2
Let s(m) = m**2 + 12*m - 125. Give s(-17).
-40
Let p(v) = -3*v**2 + 17*v - 15. Determine p(7).
-43
Let h(d) = 2*d**2 - 66*d + 465. What is h(13)?
-55
Let x(u) = u**3 + 9*u**2 + 22*u + 473. Give x(-11).
-11
Let h(p) = -p**2 + 171*p + 4038. What is h(-21)?
6
Let q(g) = g**3 + 4*g**2 - 17*g + 32. What is q(4)?
92
Let a(t) = -6*t**2 - 16056*t - 16056. Determine a(-1).
-6
Let h(l) = 38*l - 135. Determine h(8).
169
Let i(l) = -l**2 + 22*l + 15. Calculate i(22).
15
Let v(s) = s**3 - 36*s**2 + 106*s - 211. Determine v(33).
20
Let r(u) = -1389*u - 9724. Give r(-7).
-1
Let a(l) = -73*l + 44. What is a(-2)?
190
Let v(z) = 2*z**2 + 23*z + 227. Calculate v(0).
227
Let l(w) = -19*w**2 - 138*w + 22. Give l(-7).
57
Let j(f) = 12*f**2 - f - 43. Give j(-6).
395
Let p(s) = 5*s**2 + s - 8. Give p(1).
-2
Let h(z) = -2*z**3 + 15*z**2 - 342*z + 926. Calculate h(3).
-19
Let w(u) = -u**3 - 8*u**2 - 4*u + 10. Give w(-7).
-11
Let y(h) = 17*h - 269. Determine y(11).
-82
Let h(y) = -3*y**2 + 44. Give h(-7).
-103
Let u(k) = 693*k - 5522. What is u(8)?
22
Let h(t) = 2820*t + 70. What is h(0)?
70
Let p(u) = -540*u - 2209. Determine p(-4).
-49
Let q(z) = -z**3 + 40*z**2 - 39*z + 27. Determine q(39).
27
Let s(o) = o**2 - 474*o + 12902. Give s(29).
-3
Let x(p) = p**2 + 30*p - 56. What is x(-34)?
80
Let v(f) = 2*f**3 - 7*f - 19. What is v(-2)?
-21
Let t(d) = -76*d - 281. Calculate t(-1).
-205
Let l(s) = -40*s + 233. What is l(5)?
33
Let t(p) = -5*p**2 - 6*p - 1. Determine t(-2).
-9
Let l(b) = -74*b + 122. What is l(3)?
-100
Let q(b) = -24*b**2 + 5*b - 3. Calculate q(1).
-22
Let n(i) = -2061*i + 4103. Determine n(2).
-19
Let n(s) = -3*s**2 + 106*s + 215. What is n(-2)?
-9
Let y(s) = -6*s**3 - 6*s**2 - 6*s + 16. Give y(3).
-218
Let b(z) = -z**3 + 35*z**2 - 2*z + 35. Determine b(35).
-35
Let j(q) = 4*q**2 - 24*q. Calculate j(-3).
108
Let f(i) = -5*i**2 + 4471*i + 13448. What is f(-3)?
-10
Let r(d) = 2*d**3 + 12*d**2 - 15*d - 17. Calculate r(-10).
-667
Let p(o) = 32*o**2 + 82*o - 81. Calculate p(1).
33
Let o(x) = -10*x**2 - 277*x + 79. Calculate o(-28).
-5
Let q(l) = -260*l - 19493. Give q(-75).
7
Let j(m) = -5*m**2 - 5*m + 2. Calculate j(2).
-28
Let z(v) = 91*v - 30. Give z(-1).
-121
Let d(t) = -3*t**2 + 101*t - 735. What is d(23)?
1
Let a(i) = -304*i + 312. What is a(1)?
8
Let v(f) = -f**3 - f**2 + 7*f - 6. Give v(3).
-21
Let r(q) = -171*q + 24453. What is r(143)?
0
Let u(b) = -b**2 + 19*b - 239. Give u(16).
-191
Let s(p) = 16*p**2 + 99*p + 5. What is s(-6)?
-13
Let c(w) = 24*w - 391. Calculate c(16).
-7
Let b(w) = w**3 + w**2 - 778*w + 3746. Determine b(5).
6
Let i(q) = 51*q - 68. What is i(17)?
799
Let k(h) = h**2 + 171*h - 2650. Calculate k(14).
-60
Let f(o) = -92*o - 11301. Calculate f(-124).
107
Let v(j) = 541*j + 54088. What is v(-100)?
-12
Let q(t) = 9*t**2 - 50*t + 5. Calculate q(4).
-51
Let h(t) = -5420*t + 32517. Give h(6).
-3
Let h(v) = -114*v + 3445. Calculate h(20).
1165
Let i(h) = 4*h**3 + 180*h**2 - 184*h + 4. Calculate i(-46).
4
Let i(o) = -340*o**2 + 47*o + 2. Determine i(-1).
-385
Let v(n) = -n**3 + 3*n**2 + 110*n + 71. Determine v(-9).
53
Let q(l) = -5*l**2 - 33*l - 75. Give q(-5).
-35
Let v(l) = 142*l**3 - 282*l**2 + 2*l - 5. Calculate v(2).
7
Let o(j) = -j**3 + 53*j**2 - 58*j + 306. Give o(52).
-6
Let t(x) = x**2 - 29*x + 202. Calculate t(16).
-6
Let w(i) = -14*i - 401. What is w(-28)?
-9
Let t(f) = f**3 - 4*f**2 - 783*f + 6016. Determine t(8).
8
Let d(g) = -g**2 + 4074*g - 28451. Give d(7).
18
Let d(b) = -2*b**2 + 17*b - 18. Determine d(1).
-3
Let m(b) = -79*b - 7993. Calculate m(-102).
65
Let i(v) = -2*v**2 - 86*v + 1599. Give i(-57).
3
Let p(j) = j**3 + 37*j**2 - 110*j + 338. Determine p(-40).
-62
Let c(h) = -2*h**3 - 44*h**2 - 184*h + 48. Determine c(-16).
-80
Let f(u) = u**3 + 29*u**2 - 36*u + 34. Calculate f(-30).
214
Let k(v) = 40*v**3 + 2*v**2 + 23*v - 25. What is k(1)?
40
Let j(l) = l**3 - 87*l**2 - 14*l + 22349. Give j(84).
5
Let j(k) = -1724*k - 58618. Determine j(-34).
-2
Let t(b) = -b**3 - 6*b - 32. Determine t(-6).
220
Let z(d) = -10*d**2 + 39*d + 767. Determine z(-7).
4
Let u(f) = 276*f + 318. Determine u(-3).
-510
Let h(n) = 28*n**3 - 2*n**2 + 90*n - 182. Determine h(2).
214
Let d(i) = 88*i + 21297. Give d(-242).
1
Let w(a) = 73*a + 64. Determine w(6).
502
Let v(h) = h**3 - 9*h**2 - 28*h + 91. Calculate v(11).
25
Let s(m) = -10*m + 311. Calculate s(32).
-9
Let l(r) = 167*r - 2311. Calculate l(14).
27
Let w(a) = a**2 + 154*a + 3498. What is w(-28)?
-30
Let j(k) = k**2 - 6*k - 62. Calculate j(21).
253
Let r(g) = g**3 - g**2 + 5*g - 151. Determine r(0).
-151
Let r(w) = -w**2 + 2061*w - 8226. Give r(4).
2
Let u(k) = 2*k**3 - 28*k**2 - 55*k + 866. Calculate u(14).
96
Let o(g) = 37*g + 86. Give o(-7).
-173
Let f(k) = k**3 - 3*k**2 - 12*k + 10. Give f(5).
0
Let n(u) = 6*u + 347. Give n(-43).
89
Let w(x) = -187*x + 369. Give w(2).
-5
Let z(n) = 2*n**2 + 21*n - 231. Give z(10).
179
Let w(m) = -1027*m + 87284. Determine w(85).
-11
Let a(y) = -y**3 + 72*y**2 - 733*y + 146. Give a(12).
-10
Let r(x) = 79*x + 1538. What is r(-25)?
-437
Let c(q) = 11*q + 528. Determine c(-65).
-187
Let w(p) = 485*p + 8262. Determine w(-17).
17
Let g(i) = -3*i**2 - 44*i - 38. Give g(-10).
102
Let g(n) = -n**2 + 117*n - 2556. Determine g(29).
-4
Let l(p) = 3*p**2 + 31*p - 9. Give l(-14).
145
Let 